{"id":68,"date":"2021-05-26T19:33:52","date_gmt":"2021-05-26T17:33:52","guid":{"rendered":"https:\/\/www.koblenzerbuergerstiftung.de\/KBS2021\/?page_id=68"},"modified":"2026-01-29T16:53:01","modified_gmt":"2026-01-29T15:53:01","slug":"projektfoerderung","status":"publish","type":"page","link":"https:\/\/www.koblenzerbuergerstiftung.de\/KBS2021\/projektfoerderung\/","title":{"rendered":"Projektf\u00f6rderung"},"content":{"rendered":"\n<p>Seit der Gr\u00fcndung der KoblenzerB\u00fcrgerStiftung am 10. M\u00e4rz 2007 haben wir unz\u00e4hlige F\u00f6rderprojekte bewilligt und Zusch\u00fcsse f\u00fcr mehr als 80.000 Euro bereitgestellt.<\/p>\n\n\n<div class=\"wp-block-image is-style-default\">\n<figure class=\"aligncenter size-large\"><img loading=\"lazy\" decoding=\"async\" width=\"450\" height=\"338\" src=\"https:\/\/www.koblenzerbuergerstiftung.de\/KBS2021\/wp-content\/uploads\/2021\/06\/ButtonProjektFoerderung.jpg\" alt=\"\" class=\"wp-image-254\" srcset=\"https:\/\/www.koblenzerbuergerstiftung.de\/KBS2021\/wp-content\/uploads\/2021\/06\/ButtonProjektFoerderung.jpg 450w, https:\/\/www.koblenzerbuergerstiftung.de\/KBS2021\/wp-content\/uploads\/2021\/06\/ButtonProjektFoerderung-300x225.jpg 300w\" sizes=\"auto, (max-width: 450px) 100vw, 450px\" \/><\/figure>\n<\/div>\n\n\n<p>Darin nicht enthalten sind auch die Mittel f\u00fcr den Betrieb der KoblenzerB\u00fcrgerStiftung und f\u00fcr das KoblenzerLernpatenProjekt. Wer sich daf\u00fcr interessiert, kann das aus dem&nbsp;Rechenschaftsbericht ersehen.<\/p>\n\n\n\n<p>Die KoblenzerB\u00fcrgerStiftung f\u00f6rdert laut Satzung das b\u00fcrgerschaftliche Engagement und unterst\u00fctzt eigene und auf Antrag gemeinn\u00fctzige Projekte sowie Initiativen auf vielen Gebieten.<\/p>\n\n\n\n<p>Geeignete\u00a0<a href=\"https:\/\/www.koblenzerbuergerstiftung.de\/KBS2021\/wp-content\/uploads\/Foerderantrag_2025_NEU.pdf\" target=\"_blank\" rel=\"noreferrer noopener\">F\u00f6rderantr\u00e4ge<\/a>, die unseren\u00a0<a href=\"https:\/\/www.koblenzerbuergerstiftung.de\/KBS2021\/wp-content\/uploads\/Foerderrichtlinien_2025.pdf\" target=\"_blank\" rel=\"noreferrer noopener\">F\u00f6rderrichtlinien<\/a>\u00a0entsprechen, werden meistens innerhalb des Stiftungsvorstandes kurzfristig entschieden und beantwortet. \u00dcber gr\u00f6\u00dfere Zusch\u00fcssen entscheiden der Stiftungsrat. F\u00fcr sehr eilbed\u00fcrftige Antr\u00e4ge finden wir immer eine Sonderl\u00f6sungen.<\/p>\n\n\n\n<p><\/p>\n","protected":false},"excerpt":{"rendered":"<p>Seit der Gr\u00fcndung der KoblenzerB\u00fcrgerStiftung am 10. M\u00e4rz 2007 haben wir unz\u00e4hlige F\u00f6rderprojekte bewilligt und Zusch\u00fcsse f\u00fcr mehr als 80.000 Euro bereitgestellt. Darin nicht enthalten sind auch die Mittel f\u00fcr den Betrieb der KoblenzerB\u00fcrgerStiftung und f\u00fcr das KoblenzerLernpatenProjekt. Wer sich daf\u00fcr interessiert, kann das aus dem&nbsp;Rechenschaftsbericht ersehen. Die KoblenzerB\u00fcrgerStiftung f\u00f6rdert laut Satzung das b\u00fcrgerschaftliche Engagement &hellip; <a href=\"https:\/\/www.koblenzerbuergerstiftung.de\/KBS2021\/projektfoerderung\/\" class=\"more-link\"><span class=\"screen-reader-text\">Projektf\u00f6rderung<\/span> weiterlesen <span class=\"meta-nav\">&rarr;<\/span><\/a><\/p>\n","protected":false},"author":2,"featured_media":0,"parent":0,"menu_order":0,"comment_status":"closed","ping_status":"closed","template":"","meta":{"advanced_seo_description":"","jetpack_seo_html_title":"","jetpack_seo_noindex":false,"footnotes":""},"class_list":["post-68","page","type-page","status-publish","hentry"],"jetpack_sharing_enabled":true,"_links":{"self":[{"href":"https:\/\/www.koblenzerbuergerstiftung.de\/KBS2021\/wp-json\/wp\/v2\/pages\/68","targetHints":{"allow":["GET"]}}],"collection":[{"href":"https:\/\/www.koblenzerbuergerstiftung.de\/KBS2021\/wp-json\/wp\/v2\/pages"}],"about":[{"href":"https:\/\/www.koblenzerbuergerstiftung.de\/KBS2021\/wp-json\/wp\/v2\/types\/page"}],"author":[{"embeddable":true,"href":"https:\/\/www.koblenzerbuergerstiftung.de\/KBS2021\/wp-json\/wp\/v2\/users\/2"}],"replies":[{"embeddable":true,"href":"https:\/\/www.koblenzerbuergerstiftung.de\/KBS2021\/wp-json\/wp\/v2\/comments?post=68"}],"version-history":[{"count":0,"href":"https:\/\/www.koblenzerbuergerstiftung.de\/KBS2021\/wp-json\/wp\/v2\/pages\/68\/revisions"}],"wp:attachment":[{"href":"https:\/\/www.koblenzerbuergerstiftung.de\/KBS2021\/wp-json\/wp\/v2\/media?parent=68"}],"curies":[{"name":"wp","href":"https:\/\/api.w.org\/{rel}","templated":true}]}}