{"id":64,"date":"2021-05-26T19:33:21","date_gmt":"2021-05-26T17:33:21","guid":{"rendered":"https:\/\/www.koblenzerbuergerstiftung.de\/KBS2021\/?page_id=64"},"modified":"2024-04-11T17:06:49","modified_gmt":"2024-04-11T15:06:49","slug":"lenpatenprojekt","status":"publish","type":"page","link":"https:\/\/www.koblenzerbuergerstiftung.de\/KBS2021\/lenpatenprojekt\/","title":{"rendered":"Lernpatenprojekt"},"content":{"rendered":"<div class=\"wp-block-image is-style-default\">\n<figure class=\"aligncenter size-large\"><img loading=\"lazy\" decoding=\"async\" width=\"450\" height=\"338\" src=\"https:\/\/www.koblenzerbuergerstiftung.de\/KBS2021\/wp-content\/uploads\/2021\/06\/ButtonLernPatenProjekte.jpg\" alt=\"\" class=\"wp-image-248\" srcset=\"https:\/\/www.koblenzerbuergerstiftung.de\/KBS2021\/wp-content\/uploads\/2021\/06\/ButtonLernPatenProjekte.jpg 450w, https:\/\/www.koblenzerbuergerstiftung.de\/KBS2021\/wp-content\/uploads\/2021\/06\/ButtonLernPatenProjekte-300x225.jpg 300w\" sizes=\"auto, (max-width: 450px) 100vw, 450px\" \/><\/figure>\n<\/div>\n\n\n<h3 class=\"wp-block-heading\">Ziele des Projektes<\/h3>\n\n\n\n<p>Die Lernpaten sollen ihren Patenkindern Orientierungshilfen und praktische Unterst\u00fctzung zukommen lassen. Das KoblenzerLernpatenProjekt k\u00fcmmert sich darum, dass die Kinder die Chance bekommen, in ihren sozialen und emotionalen F\u00e4higkeiten zu \u201ewachsen\u201c.<\/p>\n\n\n\n<p>Die KoblenzerB\u00fcrgerStiftung ist stolz darauf, dass an allen 25 Koblenzer Schulen mittlerweile mehr als 80 Lernpaten im Einsatz sind.<\/p>\n\n\n\n<p>Mehr dazu lesen Sie\u00a0<a href=\"https:\/\/www.koblenzerbuergerstiftung.de\/KBS2021\/koblenzerlernpatenprojekt\/\" data-type=\"page\" data-id=\"60\">hier.<\/a><\/p>\n\n\n\n<h2 class=\"wp-block-heading\"><a href=\"https:\/\/www.koblenzerbuergerstiftung.de\/KBS2021\/wp-content\/uploads\/Rhein-Zeitung-Koblenz-Region-25.01.202415.pdf\" target=\"_blank\" rel=\"noreferrer noopener\">Toller Artikel \u00fcber uns in der Rhein-Zeitung!<\/a><\/h2>\n","protected":false},"excerpt":{"rendered":"<p>Ziele des Projektes Die Lernpaten sollen ihren Patenkindern Orientierungshilfen und praktische Unterst\u00fctzung zukommen lassen. Das KoblenzerLernpatenProjekt k\u00fcmmert sich darum, dass die Kinder die Chance bekommen, in ihren sozialen und emotionalen F\u00e4higkeiten zu \u201ewachsen\u201c. Die KoblenzerB\u00fcrgerStiftung ist stolz darauf, dass an allen 25 Koblenzer Schulen mittlerweile mehr als 80 Lernpaten im Einsatz sind. Mehr dazu lesen &hellip; <a href=\"https:\/\/www.koblenzerbuergerstiftung.de\/KBS2021\/lenpatenprojekt\/\" class=\"more-link\"><span class=\"screen-reader-text\">Lernpatenprojekt<\/span> weiterlesen <span class=\"meta-nav\">&rarr;<\/span><\/a><\/p>\n","protected":false},"author":2,"featured_media":0,"parent":0,"menu_order":0,"comment_status":"closed","ping_status":"closed","template":"","meta":{"advanced_seo_description":"","jetpack_seo_html_title":"","jetpack_seo_noindex":false,"footnotes":""},"class_list":["post-64","page","type-page","status-publish","hentry"],"jetpack_sharing_enabled":true,"_links":{"self":[{"href":"https:\/\/www.koblenzerbuergerstiftung.de\/KBS2021\/wp-json\/wp\/v2\/pages\/64","targetHints":{"allow":["GET"]}}],"collection":[{"href":"https:\/\/www.koblenzerbuergerstiftung.de\/KBS2021\/wp-json\/wp\/v2\/pages"}],"about":[{"href":"https:\/\/www.koblenzerbuergerstiftung.de\/KBS2021\/wp-json\/wp\/v2\/types\/page"}],"author":[{"embeddable":true,"href":"https:\/\/www.koblenzerbuergerstiftung.de\/KBS2021\/wp-json\/wp\/v2\/users\/2"}],"replies":[{"embeddable":true,"href":"https:\/\/www.koblenzerbuergerstiftung.de\/KBS2021\/wp-json\/wp\/v2\/comments?post=64"}],"version-history":[{"count":0,"href":"https:\/\/www.koblenzerbuergerstiftung.de\/KBS2021\/wp-json\/wp\/v2\/pages\/64\/revisions"}],"wp:attachment":[{"href":"https:\/\/www.koblenzerbuergerstiftung.de\/KBS2021\/wp-json\/wp\/v2\/media?parent=64"}],"curies":[{"name":"wp","href":"https:\/\/api.w.org\/{rel}","templated":true}]}}