{"id":32,"date":"2021-05-26T18:27:56","date_gmt":"2021-05-26T17:27:56","guid":{"rendered":"https:\/\/www.koblenzerbuergerstiftung.de\/KBS2021\/?page_id=32"},"modified":"2026-03-02T12:36:00","modified_gmt":"2026-03-02T11:36:00","slug":"aktueller-stand","status":"publish","type":"page","link":"https:\/\/www.koblenzerbuergerstiftung.de\/KBS2021\/aktueller-stand\/","title":{"rendered":"Aktueller Stand\/Termine"},"content":{"rendered":"\n<h1 class=\"wp-block-heading\">Wie ist der aktuelle Stand im Projekt?<\/h1>\n\n\n<div class=\"wp-block-image is-style-default\">\n<figure class=\"alignleft size-large\"><img loading=\"lazy\" decoding=\"async\" width=\"150\" height=\"150\" src=\"https:\/\/www.koblenzerbuergerstiftung.de\/KBS2021\/wp-content\/uploads\/2021\/06\/AktuellerStand-150x150-1.jpg\" alt=\"\" class=\"wp-image-202\"\/><\/figure>\n<\/div>\n\n\n<p>Wir kooperieren mit allen 25 Koblenzer Grundschulen. Insgesamt betreuen derzeit knapp 80 Lernpatinnen und Lernpaten ein oder mehrere Patenkinder. <\/p>\n\n\n\n<p><\/p>\n\n\n\n<p><\/p>\n\n\n\n<p>Sie k\u00f6nnen sich bei Interesse jederzeit in unserer Gesch\u00e4ftsstelle beraten lassen und sich f\u00fcr das Projekt anmelden<\/p>\n\n\n\n<p>Die n\u00e4chsten Termine:<\/p>\n\n\n\n<p>Mittwoch, 01.07. von 15:00 \u2013 18:00 Uhr<\/p>\n\n\n\n<p>Samstag, 04.07. von 09:30 \u2013 15:30 Uhr<\/p>\n\n\n\n<p>Mittwoch, 15.07. von 15:00 \u2013 18:00 Uhr<\/p>\n","protected":false},"excerpt":{"rendered":"<p>Wie ist der aktuelle Stand im Projekt? Wir kooperieren mit allen 25 Koblenzer Grundschulen. Insgesamt betreuen derzeit knapp 80 Lernpatinnen und Lernpaten ein oder mehrere Patenkinder. Sie k\u00f6nnen sich bei Interesse jederzeit in unserer Gesch\u00e4ftsstelle beraten lassen und sich f\u00fcr das Projekt anmelden Die n\u00e4chsten Termine: Mittwoch, 01.07. von 15:00 \u2013 18:00 Uhr Samstag, 04.07. &hellip; <a href=\"https:\/\/www.koblenzerbuergerstiftung.de\/KBS2021\/aktueller-stand\/\" class=\"more-link\"><span class=\"screen-reader-text\">Aktueller Stand\/Termine<\/span> weiterlesen <span class=\"meta-nav\">&rarr;<\/span><\/a><\/p>\n","protected":false},"author":2,"featured_media":0,"parent":0,"menu_order":0,"comment_status":"closed","ping_status":"closed","template":"","meta":{"advanced_seo_description":"","jetpack_seo_html_title":"","jetpack_seo_noindex":false,"footnotes":""},"class_list":["post-32","page","type-page","status-publish","hentry"],"jetpack_sharing_enabled":true,"_links":{"self":[{"href":"https:\/\/www.koblenzerbuergerstiftung.de\/KBS2021\/wp-json\/wp\/v2\/pages\/32","targetHints":{"allow":["GET"]}}],"collection":[{"href":"https:\/\/www.koblenzerbuergerstiftung.de\/KBS2021\/wp-json\/wp\/v2\/pages"}],"about":[{"href":"https:\/\/www.koblenzerbuergerstiftung.de\/KBS2021\/wp-json\/wp\/v2\/types\/page"}],"author":[{"embeddable":true,"href":"https:\/\/www.koblenzerbuergerstiftung.de\/KBS2021\/wp-json\/wp\/v2\/users\/2"}],"replies":[{"embeddable":true,"href":"https:\/\/www.koblenzerbuergerstiftung.de\/KBS2021\/wp-json\/wp\/v2\/comments?post=32"}],"version-history":[{"count":1,"href":"https:\/\/www.koblenzerbuergerstiftung.de\/KBS2021\/wp-json\/wp\/v2\/pages\/32\/revisions"}],"predecessor-version":[{"id":943,"href":"https:\/\/www.koblenzerbuergerstiftung.de\/KBS2021\/wp-json\/wp\/v2\/pages\/32\/revisions\/943"}],"wp:attachment":[{"href":"https:\/\/www.koblenzerbuergerstiftung.de\/KBS2021\/wp-json\/wp\/v2\/media?parent=32"}],"curies":[{"name":"wp","href":"https:\/\/api.w.org\/{rel}","templated":true}]}}