{"id":132,"date":"2021-05-31T09:08:50","date_gmt":"2021-05-31T07:08:50","guid":{"rendered":"https:\/\/www.koblenzerbuergerstiftung.de\/KBS2021\/?page_id=132"},"modified":"2021-06-06T13:01:21","modified_gmt":"2021-06-06T11:01:21","slug":"zukunft-stiften","status":"publish","type":"page","link":"https:\/\/www.koblenzerbuergerstiftung.de\/KBS2021\/zukunft-stiften\/","title":{"rendered":"Zukunft stiften"},"content":{"rendered":"\n<div class=\"wp-block-image is-style-default\"><figure class=\"aligncenter size-large\"><img loading=\"lazy\" decoding=\"async\" width=\"450\" height=\"309\" src=\"https:\/\/www.koblenzerbuergerstiftung.de\/KBS2021\/wp-content\/uploads\/2021\/06\/Startseite_Vorsorgen-e1489678462413.jpg\" alt=\"\" class=\"wp-image-307\" srcset=\"https:\/\/www.koblenzerbuergerstiftung.de\/KBS2021\/wp-content\/uploads\/2021\/06\/Startseite_Vorsorgen-e1489678462413.jpg 450w, https:\/\/www.koblenzerbuergerstiftung.de\/KBS2021\/wp-content\/uploads\/2021\/06\/Startseite_Vorsorgen-e1489678462413-300x206.jpg 300w\" sizes=\"auto, (max-width: 450px) 100vw, 450px\" \/><\/figure><\/div>\n\n\n\n<h3 class=\"wp-block-heading\">F\u00fcr die Zukunft vorsorgen \u2013 Stiften zur rechten Zeit!<\/h3>\n\n\n\n<p>Viele Menschen wollen schon zu Lebzeiten Vorhaben, die ihnen am Herzen liegen, unterst\u00fctzen und zu deren positiven Entwicklung beitragen und teilhaben. Eine M\u00f6glichkeit ist zum Beispiel, bei besonderen Anl\u00e4ssen, etwa einem runden Geburtstag zugunsten einer Stiftung, auf pers\u00f6nliche Geschenke zu verzichten. Das schlie\u00dft nicht aus, im Rahmen der Vorsorge\u00fcberlegungen durch rechtzeitige wohl\u00fcberlegte testamentarische Verf\u00fcgung, einer Stiftung seiner Wahl einen mehr oder weniger gro\u00dfen Teil seines Restverm\u00f6gens zu vererben. Sei es in einer festgelegten Summe oder in einem Prozentsatz des Restverm\u00f6gens. Gerade f\u00fcr Erblasser ohne eigene Kinder k\u00f6nnte ein solcher Schritt nahe liegen. Stiften zu Lebzeiten spart Einkommensteuer; stiften im Rahmen des Testaments bleibt erbschaftsteuerfrei.<\/p>\n\n\n\n<h3 class=\"wp-block-heading\">Beratungsangebot:<\/h3>\n\n\n\n<p>Ein handschriftliches oder notarielles Testament erstellen und die Hinterlegung sicherstellen, ist f\u00fcr viele B\u00fcrgerinnen und B\u00fcrger ein unbequemer Schritt. Die KoblenzerB\u00fcrgerStiftung arbeitet mit&nbsp; einer Reihe von Fachleuten zusammen und vermittelt gern entsprechende Beratung.<\/p>\n","protected":false},"excerpt":{"rendered":"<p>F\u00fcr die Zukunft vorsorgen \u2013 Stiften zur rechten Zeit! Viele Menschen wollen schon zu Lebzeiten Vorhaben, die ihnen am Herzen liegen, unterst\u00fctzen und zu deren positiven Entwicklung beitragen und teilhaben. Eine M\u00f6glichkeit ist zum Beispiel, bei besonderen Anl\u00e4ssen, etwa einem runden Geburtstag zugunsten einer Stiftung, auf pers\u00f6nliche Geschenke zu verzichten. Das schlie\u00dft nicht aus, im &hellip; <a href=\"https:\/\/www.koblenzerbuergerstiftung.de\/KBS2021\/zukunft-stiften\/\" class=\"more-link\"><span class=\"screen-reader-text\">Zukunft stiften<\/span> weiterlesen <span class=\"meta-nav\">&rarr;<\/span><\/a><\/p>\n","protected":false},"author":2,"featured_media":0,"parent":0,"menu_order":0,"comment_status":"closed","ping_status":"closed","template":"","meta":{"advanced_seo_description":"","jetpack_seo_html_title":"","jetpack_seo_noindex":false,"footnotes":""},"class_list":["post-132","page","type-page","status-publish","hentry"],"jetpack_sharing_enabled":true,"_links":{"self":[{"href":"https:\/\/www.koblenzerbuergerstiftung.de\/KBS2021\/wp-json\/wp\/v2\/pages\/132","targetHints":{"allow":["GET"]}}],"collection":[{"href":"https:\/\/www.koblenzerbuergerstiftung.de\/KBS2021\/wp-json\/wp\/v2\/pages"}],"about":[{"href":"https:\/\/www.koblenzerbuergerstiftung.de\/KBS2021\/wp-json\/wp\/v2\/types\/page"}],"author":[{"embeddable":true,"href":"https:\/\/www.koblenzerbuergerstiftung.de\/KBS2021\/wp-json\/wp\/v2\/users\/2"}],"replies":[{"embeddable":true,"href":"https:\/\/www.koblenzerbuergerstiftung.de\/KBS2021\/wp-json\/wp\/v2\/comments?post=132"}],"version-history":[{"count":0,"href":"https:\/\/www.koblenzerbuergerstiftung.de\/KBS2021\/wp-json\/wp\/v2\/pages\/132\/revisions"}],"wp:attachment":[{"href":"https:\/\/www.koblenzerbuergerstiftung.de\/KBS2021\/wp-json\/wp\/v2\/media?parent=132"}],"curies":[{"name":"wp","href":"https:\/\/api.w.org\/{rel}","templated":true}]}}