{"id":130,"date":"2021-05-31T09:08:36","date_gmt":"2021-05-31T07:08:36","guid":{"rendered":"https:\/\/www.koblenzerbuergerstiftung.de\/KBS2021\/?page_id=130"},"modified":"2021-06-06T12:59:55","modified_gmt":"2021-06-06T10:59:55","slug":"zeit-stiften","status":"publish","type":"page","link":"https:\/\/www.koblenzerbuergerstiftung.de\/KBS2021\/zeit-stiften\/","title":{"rendered":"Zeit stiften"},"content":{"rendered":"\n<h3 class=\"wp-block-heading\">F\u00fcr eine ehrenamtliche T\u00e4tigkeit:<\/h3>\n\n\n\n<div class=\"wp-block-image is-style-default\"><figure class=\"aligncenter size-large\"><img loading=\"lazy\" decoding=\"async\" width=\"672\" height=\"372\" src=\"https:\/\/www.koblenzerbuergerstiftung.de\/KBS2021\/wp-content\/uploads\/2021\/06\/EAA_Startseite_1-672x372-1.jpg\" alt=\"\" class=\"wp-image-304\" srcset=\"https:\/\/www.koblenzerbuergerstiftung.de\/KBS2021\/wp-content\/uploads\/2021\/06\/EAA_Startseite_1-672x372-1.jpg 672w, https:\/\/www.koblenzerbuergerstiftung.de\/KBS2021\/wp-content\/uploads\/2021\/06\/EAA_Startseite_1-672x372-1-300x166.jpg 300w\" sizes=\"auto, (max-width: 672px) 100vw, 672px\" \/><\/figure><\/div>\n\n\n\n<p>Das gesellschaftliche Leben in Koblenz braucht mehr ehrenamtliche Unterst\u00fctzung. Die kann man in vielf\u00e4ltiger Art spenden. Die KoblenzerB\u00fcrgerStiftung hat darum die Idee des Seniorenbeirates aufgegriffen und die\u00a0<a href=\"https:\/\/www.koblenzerbuergerstiftung.de\/KBS2021\/koblenzerehrenamtsagentur\/\" data-type=\"page\" data-id=\"58\" target=\"_blank\" rel=\"noreferrer noopener\">KoblenzerEhrenamtsAgentur<\/a>\u00a0gegr\u00fcndet \u2013 die Servicestelle f\u00fcr Ehrenamtlichkeit. Sie vermittelt, hilft und stellt Kontakte f\u00fcr individuelle Einsatzm\u00f6glichkeiten her (nicht in Privathaushalte!).<\/p>\n\n\n\n<h3 class=\"wp-block-heading\">Als Lernpate:<\/h3>\n\n\n\n<p>Ein besonderes Anliegen der KoblenzerB\u00fcrgerStiftung ist die Unterst\u00fctzung und Entwicklung von Kindern und Jugendlichen.<\/p>\n\n\n\n<p>Wie die Praxis zeigt, brauchen viele Schulkinder zus\u00e4tzlich verl\u00e4ssliche Patinnen und Paten f\u00fcr ihre emotionale und soziale F\u00f6rderung. Haben Sie Lust, dabei mitzumachen?<\/p>\n","protected":false},"excerpt":{"rendered":"<p>F\u00fcr eine ehrenamtliche T\u00e4tigkeit: Das gesellschaftliche Leben in Koblenz braucht mehr ehrenamtliche Unterst\u00fctzung. Die kann man in vielf\u00e4ltiger Art spenden. Die KoblenzerB\u00fcrgerStiftung hat darum die Idee des Seniorenbeirates aufgegriffen und die\u00a0KoblenzerEhrenamtsAgentur\u00a0gegr\u00fcndet \u2013 die Servicestelle f\u00fcr Ehrenamtlichkeit. Sie vermittelt, hilft und stellt Kontakte f\u00fcr individuelle Einsatzm\u00f6glichkeiten her (nicht in Privathaushalte!). Als Lernpate: Ein besonderes Anliegen der &hellip; <a href=\"https:\/\/www.koblenzerbuergerstiftung.de\/KBS2021\/zeit-stiften\/\" class=\"more-link\"><span class=\"screen-reader-text\">Zeit stiften<\/span> weiterlesen <span class=\"meta-nav\">&rarr;<\/span><\/a><\/p>\n","protected":false},"author":2,"featured_media":0,"parent":0,"menu_order":0,"comment_status":"closed","ping_status":"closed","template":"","meta":{"advanced_seo_description":"","jetpack_seo_html_title":"","jetpack_seo_noindex":false,"footnotes":""},"class_list":["post-130","page","type-page","status-publish","hentry"],"jetpack_sharing_enabled":true,"_links":{"self":[{"href":"https:\/\/www.koblenzerbuergerstiftung.de\/KBS2021\/wp-json\/wp\/v2\/pages\/130","targetHints":{"allow":["GET"]}}],"collection":[{"href":"https:\/\/www.koblenzerbuergerstiftung.de\/KBS2021\/wp-json\/wp\/v2\/pages"}],"about":[{"href":"https:\/\/www.koblenzerbuergerstiftung.de\/KBS2021\/wp-json\/wp\/v2\/types\/page"}],"author":[{"embeddable":true,"href":"https:\/\/www.koblenzerbuergerstiftung.de\/KBS2021\/wp-json\/wp\/v2\/users\/2"}],"replies":[{"embeddable":true,"href":"https:\/\/www.koblenzerbuergerstiftung.de\/KBS2021\/wp-json\/wp\/v2\/comments?post=130"}],"version-history":[{"count":0,"href":"https:\/\/www.koblenzerbuergerstiftung.de\/KBS2021\/wp-json\/wp\/v2\/pages\/130\/revisions"}],"wp:attachment":[{"href":"https:\/\/www.koblenzerbuergerstiftung.de\/KBS2021\/wp-json\/wp\/v2\/media?parent=130"}],"curies":[{"name":"wp","href":"https:\/\/api.w.org\/{rel}","templated":true}]}}