{"id":112,"date":"2021-05-31T09:01:28","date_gmt":"2021-05-31T07:01:28","guid":{"rendered":"https:\/\/www.koblenzerbuergerstiftung.de\/KBS2021\/?page_id=112"},"modified":"2022-09-02T15:55:04","modified_gmt":"2022-09-02T13:55:04","slug":"sie-bieten-ein-ehrenamt","status":"publish","type":"page","link":"https:\/\/www.koblenzerbuergerstiftung.de\/KBS2021\/sie-bieten-ein-ehrenamt\/","title":{"rendered":"Sie bieten ein Ehrenamt?"},"content":{"rendered":"\n<h1 class=\"wp-block-heading\">Vermittlung<\/h1>\n\n\n\n<p>Die Ehrenamts-Agentur bietet<\/p>\n\n\n\n<ul class=\"wp-block-list\"><li>gemeinn\u00fctzigen Vereinen und Verb\u00e4nden,<\/li><li>gemeinn\u00fctzigen Initiativen,<\/li><li>\u00f6ffentlichen K\u00f6rperschaften,<\/li><\/ul>\n\n\n<div class=\"wp-block-image is-style-default\">\n<figure class=\"alignleft size-large\"><img loading=\"lazy\" decoding=\"async\" width=\"150\" height=\"150\" src=\"https:\/\/www.koblenzerbuergerstiftung.de\/KBS2021\/wp-content\/uploads\/2021\/06\/puzzle-01-150x150-1.png\" alt=\"\" class=\"wp-image-267\"\/><\/figure>\n<\/div>\n\n\n<p>die ihren Sitz und\/oder Wirkungsst\u00e4tte in Koblenz haben, Beratung und Vermittlung passender ehrenamtlicher Mitarbeiter\/Innen. Wir unterst\u00fctzen bei Ideen, Projekten und Fragen rund um das Ehrenamt und setzen uns st\u00e4ndig f\u00fcr mehr ehrenamtliches Engagement durch Werbung und \u00d6ffentlichkeitsarbeit ein.<\/p>\n\n\n\n<p>Nehmen Sie Kontakt mit uns auf! Informieren Sie uns \u00fcber die Anforderungen der T\u00e4tigkeitsbereiche und Ihren aktuellen Bedarf an Unterst\u00fctzung.<\/p>\n\n\n\n<h4 class=\"wp-block-heading\"><a rel=\"noreferrer noopener\" href=\"https:\/\/www.freinet-online.de\/forum\/submit_organisation.php?assign_to_agid=1266\" target=\"_blank\">Sie suchen ehrenamtliche Unterst\u00fctzung?&nbsp;<\/a><br><a rel=\"noreferrer noopener\" href=\"https:\/\/www.freinet-online.de\/forum\/submit_organisation.php?assign_to_agid=1266\" target=\"_blank\">Dann klicken Sie auf diesen Link<\/a>.<\/h4>\n\n\n\n<p>Oder rufen Sie uns an unter 0261\/ 201 78 78! Sie erreichen uns pers\u00f6nlich von Montag bis Donnerstag von 9:00 \u2013 12:00 Uhr in der Thielenstra\u00dfe 13, 56073 Koblenz oder per Mail\u00a0<a href=\"mailto:info@koblenzerehrenamtsagentur.de\">info@koblenzerehrenamtsagentur.de<\/a>.<\/p>\n","protected":false},"excerpt":{"rendered":"<p>Vermittlung Die Ehrenamts-Agentur bietet gemeinn\u00fctzigen Vereinen und Verb\u00e4nden, gemeinn\u00fctzigen Initiativen, \u00f6ffentlichen K\u00f6rperschaften, die ihren Sitz und\/oder Wirkungsst\u00e4tte in Koblenz haben, Beratung und Vermittlung passender ehrenamtlicher Mitarbeiter\/Innen. Wir unterst\u00fctzen bei Ideen, Projekten und Fragen rund um das Ehrenamt und setzen uns st\u00e4ndig f\u00fcr mehr ehrenamtliches Engagement durch Werbung und \u00d6ffentlichkeitsarbeit ein. Nehmen Sie Kontakt mit uns &hellip; <a href=\"https:\/\/www.koblenzerbuergerstiftung.de\/KBS2021\/sie-bieten-ein-ehrenamt\/\" class=\"more-link\"><span class=\"screen-reader-text\">Sie bieten ein Ehrenamt?<\/span> weiterlesen <span class=\"meta-nav\">&rarr;<\/span><\/a><\/p>\n","protected":false},"author":2,"featured_media":0,"parent":0,"menu_order":0,"comment_status":"closed","ping_status":"closed","template":"","meta":{"advanced_seo_description":"","jetpack_seo_html_title":"","jetpack_seo_noindex":false,"footnotes":""},"class_list":["post-112","page","type-page","status-publish","hentry"],"jetpack_sharing_enabled":true,"_links":{"self":[{"href":"https:\/\/www.koblenzerbuergerstiftung.de\/KBS2021\/wp-json\/wp\/v2\/pages\/112","targetHints":{"allow":["GET"]}}],"collection":[{"href":"https:\/\/www.koblenzerbuergerstiftung.de\/KBS2021\/wp-json\/wp\/v2\/pages"}],"about":[{"href":"https:\/\/www.koblenzerbuergerstiftung.de\/KBS2021\/wp-json\/wp\/v2\/types\/page"}],"author":[{"embeddable":true,"href":"https:\/\/www.koblenzerbuergerstiftung.de\/KBS2021\/wp-json\/wp\/v2\/users\/2"}],"replies":[{"embeddable":true,"href":"https:\/\/www.koblenzerbuergerstiftung.de\/KBS2021\/wp-json\/wp\/v2\/comments?post=112"}],"version-history":[{"count":0,"href":"https:\/\/www.koblenzerbuergerstiftung.de\/KBS2021\/wp-json\/wp\/v2\/pages\/112\/revisions"}],"wp:attachment":[{"href":"https:\/\/www.koblenzerbuergerstiftung.de\/KBS2021\/wp-json\/wp\/v2\/media?parent=112"}],"curies":[{"name":"wp","href":"https:\/\/api.w.org\/{rel}","templated":true}]}}